ed by d?
0
Let d(g) be the third derivative of 3*g**4/8 - 2*g**3/3 + 2*g**2 - 45*g. What is the remainder when 133 is divided by d(5)?
10
Let a be ((-3)/(-6))/(2/120). Suppose -a - 26 = -4*y. Calculate the remainder when 8 is divided by ((-8)/y)/(1/(-7)).
0
Suppose 2*s - 5*f - 493 + 439 = 0, 0 = -3*s + 3*f + 63. Calculate the remainder when 1050 is divided by s.
13
What is the remainder when ((-185)/(-74))/(20/752) is divided by 35?
24
What is the remainder when 355 is divided by 203/2*(-11)/((-1386)/144)?
7
Let p(n) = 4*n + 61. Let t be p(-15). Calculate the remainder when (-1 - t)/(0 + 7/(-287)) is divided by 30.
22
Suppose 0*z + z - 63 = -4*k, 3*z = -k + 156. Let w = z + -109. Let x = -35 - w. Calculate the remainder when x is divided by 13.
10
Let i(g) = -g**3 - 2*g**2 + 3*g + 3. Let w be i(-2). Let h(z) = -7*z - 6. Let a = 1902 - 1845. What is the remainder when a is divided by h(w)?
12
Let o be 299 + (-8 - -10)/(1 + 1). Let u = 314 - o. What is the remainder when 94 is divided by u?
10
Suppose -6*n + 2605 = 145. Let a = -378 + n. Calculate the remainder when a is divided by 5.
2
Let w(u) = u**2 + 18*u + 35. Suppose -5*n - 4*r = r + 275, 0 = -5*r - 25. Let p be n/3 + (-2)/(-3). What is the remainder when 6 is divided by w(p)?
0
Let u(r) = -552*r + 6865. Calculate the remainder when u(11) is divided by 101.
86
Let x(m) = -121*m - 2800. What is the remainder when x(-32) is divided by 72?
64
Suppose -4*w + 192 = -6*w. Suppose -4*h - 49*b + 46*b + 433 = 0, 0 = -5*h - b + 533. Let q = w + h. What is the remainder when 22 is divided by q?
2
Suppose 12 - 28 = -8*z. Suppose z*f = f + 2*v + 16, -6*f - v + 57 = 0. What is the remainder when 237 is divided by f?
7
Let c = -4204 - -4226. Let i be 760/4 + (-2 - -1). Suppose -2*b = -3*m - b + i, -4*m - b + 245 = 0. Calculate the remainder when m is divided by c.
18
Let j = 7800 + -7031. What is the remainder when j is divided by 77?
76
Suppose -4*j - j - 3*y + 918 = 0, 5*j = 5*y + 950. Let a = j - 120. Calculate the remainder when 131 is divided by a.
65
Let j be ((-74)/4)/(3/6). Let o = 56 - j. Let m = -14431 + 14450. What is the remainder when o is divided by m?
17
Let z = -16684 - -16706. What is the remainder when 1538 is divided by z?
20
Suppose -5*f - s + 115 = -0*s, -3*s = 0. Let n(c) = -3*c**3 - c**2 + 4*c + 9. What is the remainder when n(-3) is divided by f?
0
Let d = -75 + 109. Let o = 14584 - 14483. Calculate the remainder when o is divided by d.
33
Suppose 402 = 3*y + h, -27*y + 24*y + 5*h = -384. What is the remainder when 773 is divided by y?
108
Let f = -2936 - -4741. Calculate the remainder when f is divided by 576.
77
Suppose -730 = -13*x + 1740. Let s = x - 173. Suppose 5*q - 7*c - 170 = -2*c, -q = -5*c - 46. Calculate the remainder when q is divided by s.
14
Let d = 25001 - 24757. Calculate the remainder when 1144 is divided by d.
168
Suppose 4*d - 121 - 157 = -2*s, 0 = -4*s + 3*d + 633. Calculate the remainder when s is divided by 4 - 6 - (-29 - -1).
23
Let m(q) = -2*q**3 + 33*q**2 + 32*q - 676. Calculate the remainder when 1652 is divided by m(16).
88
Let u(f) = f**2 + 36*f - 202. Let r be u(5). Calculate the remainder when (6*r/(-30))/(2/(-30)) is divided by 3.
0
Suppose 9*j - 23631 + 5301 = -69*j. What is the remainder when j is divided by 75?
10
Suppose 45*d = -118 + 28. Calculate the remainder when 6 - (-2 + 244/d) is divided by 16.
2
Suppose -h + 282 = -3*l, -712 = -4*h - l + 390. Suppose 14*g - h = -108. Let w(o) = 3*o - 9. What is the remainder when w(g) is divided by 9?
0
Let i be ((-84)/(-78))/(-7) + (-435)/(-39). Suppose m - i = 2*b, 2*m + 4*b - 2*b - 28 = 0. Let u(w) = w + 33. What is the remainder when u(0) is divided by m?
7
Let g be 12/8*(-188)/6. Let l = 99 + g. Suppose -3*h - f = -4*h + 8, -3*h - 4*f = -l. What is the remainder when 22 is divided by h?
10
Let z = 1214 + -1006. Calculate the remainder when z is divided by 2 + (-3)/2 + 747/18.
40
Suppose -5*s = 3*s + 8. Let g = 3 - s. Suppose -49 = -g*x + 11. What is the remainder when x is divided by 7?
1
Suppose 3 = g - 2. Suppose 2*y - 6*w = -9*w - 29, w = g. Let r(x) = x**3 + 22*x**2 - x + 18. Calculate the remainder when 119 is divided by r(y).
39
Suppose -171 = -10*w + 269. Suppose -6*q - q + 80 = 9*q. Calculate the remainder when w is divided by q.
4
Let m(v) = v**2 + 29*v + 29. Let u be (-17 + 18)/(2/(-56)). What is the remainder when 3 is divided by m(u)?
0
Let o = -28 + 31. Suppose -219 = -5*t - 2*h, 2*t - 51 = -5*h + 45. What is the remainder when t is divided by o?
1
Let z = -144 - -161. Let v(j) = -3*j + 50. Let t(g) = -3*g + 49. Let r(q) = 4*t(q) - 3*v(q). Calculate the remainder when r(6) is divided by z.
11
Suppose 0 = -6*c - c + 154. Suppose -4*l = -5*m + 333, -2*m + 4*l - c = -148. Calculate the remainder when m is divided by 66.
3
Suppose 0 = -19*h + 848 + 558. What is the remainder when h is divided by 14?
4
Suppose -100*w + 363 = 31*w - 554. Let t = -8 - -11. What is the remainder when t + -1 + 2 + 11 is divided by w?
1
Let l(c) = 14*c - 298. Let x(r) = -r + 6. Let d be x(6). Let f = 13 + d. Calculate the remainder when l(23) is divided by f.
11
Suppose 106*k - 107*k - 4 = 0, 3*l - 9*k = 111. Calculate the remainder when 2196 is divided by l.
21
Let v be -5 + -1*(-6 - -129). Let f = v + 184. Calculate the remainder when 165 is divided by f.
53
Let a = 4373 + -4051. What is the remainder when 1480 is divided by a?
192
Let d = 208 + -209. Calculate the remainder when (478/3 + 1 + d)*3 is divided by 16.
14
Suppose 14*b = 39*b. Suppose 7*a - 39 - 10 = b. Calculate the remainder when 19 is divided by a.
5
Suppose 5*l = 15, l - 14278 = -5*f - 0*l. Calculate the remainder when f is divided by 28.
27
Let h = 61 - 61. Suppose h = -4*u + 8*u - 172. Let c(j) = 11*j + 55. Calculate the remainder when u is divided by c(-3).
21
Let w = -575 + 971. Suppose 2*r + w = 4*q, 10*r - 9*r = 5*q - 492. Calculate the remainder when q is divided by 17.
13
Suppose 0 = -17*f + 3409 + 3901. Calculate the remainder when f is divided by 134.
28
Suppose 0 = y - 4*l - 10 + 2, -6 = y + 3*l. Suppose -r = 3*c - 7 - 133, y = -3*c + 3*r + 120. What is the remainder when 494 is divided by c?
44
Let r(u) = -2*u**2 - 25*u + 377. What is the remainder when r(-20) is divided by 8?
5
Let d(b) = -16*b - 29. Let y be d(-4). Let r = y - 23. Let u = 39 - -6. What is the remainder when u is divided by r?
9
Let x(g) = -g**3 - g**2 + 12*g + 4. Let y be x(-4). Suppose w = y*w - 105. Calculate the remainder when 129 is divided by w.
24
Suppose 379*n = 363*n + 4672. Calculate the remainder when n is divided by 75.
67
Let n = 98 + -56. Let m be 10/2 + 297/(0 - -3). Suppose 13*l = -m + 260. Calculate the remainder when n is divided by l.
6
Suppose 8*c = -5 - 131. Suppose 0*r - 5*r = -70. What is the remainder when (1/(-2))/(c/1326) is divided by r?
11
Let n = 2105 + -1881. What is the remainder when 1108 is divided by n?
212
Let a = 3146 + -3127. Calculate the remainder when 1535 is divided by a.
15
Let c(h) = 7*h**3 - 5*h**2 - 10*h + 17. What is the remainder when 17028 is divided by c(3)?
129
Let n(w) = w + 32. Let b be n(-22). Calculate the remainder when (-97)/485 + 952/b is divided by (-160)/(-6) + (-2)/3.
17
Let y(h) = h**3 - 5*h**2 - 5*h + 2. Let z be y(6). Let u = z + 1. What is the remainder when (4160/(-240))/((-10)/15) is divided by u?
8
Suppose 0 = -2*y + 2*a + 32, 64*y + 5*a = 66*y - 20. Let r(x) = -x**3 - 7*x**2 + 12*x - 8. What is the remainder when r(-9) is divided by y?
6
Suppose -6*c + 639 - 273 = 0. Let n = c + -47. Suppose q = -2*y - 2*q + 11, -5*q = 5*y - 25. Calculate the remainder when n is divided by y.
2
Let x = 40190 - 28492. Calculate the remainder when x is divided by 6.
4
Suppose -27342*p - 374 = -27353*p. What is the remainder when 11355 is divided by p?
33
Calculate the remainder when (-4 - (545/10)/(-1))*(-35 - -41) is divided by 95.
18
Let l = 5117 - 3955. Calculate the remainder when l is divided by 28.
14
Let y be (-15)/(-2)*100/3. Suppose 4*v - 55 = -a, -30*a - 103 = -34*a - 3*v. Calculate the remainder when (-84)/35*y/(-4) is divided by a.
17
Suppose -2*p = -2*a + 432, -4*a - 2*p + p + 884 = 0. Let y = a - 213. Suppose 69 = 5*d + 2*u - u, -5*u = -d - 7. What is the remainder when d is divided by y?
6
Let u(z)